. Determine v(3).
-13
Let n(r) = -r**3 + 3*r**2 + 3*r - 3. What is n(4)?
-7
Let u(y) = -60*y - 347. What is u(-6)?
13
Let r(b) = -b**2 - 5*b - 1. What is r(3)?
-25
Let m(t) = -t**2 + 18*t - 16. Give m(18).
-16
Let k(u) = -u**3 - 5*u**2 + 9*u + 6. Determine k(-6).
-12
Let l(s) = -s**2 + 8*s - 5. Give l(7).
2
Let c(t) = -t**3 - 5*t**2 + 13*t - 4. Determine c(-7).
3
Let h(i) = i**3 - 24. Give h(0).
-24
Let z(q) = -10*q**2 + 2*q. Calculate z(2).
-36
Let d(n) = -n**3 - 8*n**2 + 11*n + 17. Calculate d(-9).
-1
Let g(u) = -u**2 - 10*u + 23. Give g(3).
-16
Let o(f) = -3*f**3 - 4*f**2 - 3*f - 2. Determine o(-2).
12
Let r(m) = -m**2 - m - 3. What is r(-3)?
-9
Let z(a) = -a**3 - 15*a**2 - 19*a - 3. Give z(-14).
67
Let i(u) = -u**2 - 8*u + 8. Calculate i(-6).
20
Let k(u) = u - 5. What is k(-6)?
-11
Let w(h) = -3*h + 6. Calculate w(3).
-3
Let x(c) = 3*c + 9. Determine x(-5).
-6
Let c(h) = -h**3 + 19*h**2 + 21*h + 10. Calculate c(20).
30
Let k(m) = -2*m + 14. What is k(7)?
0
Let w(q) = 4*q - 9. Give w(10).
31
Let v(q) = q**3 - 7*q**2 + 12*q - 9. What is v(7)?
75
Let n(f) = f**3 + 27*f**2 + 26*f + 2. What is n(-26)?
2
Let w(g) = 24*g - 2. Give w(2).
46
Let k(m) = -m**2 + 7*m - 7. Give k(7).
-7
Let i(w) = -w**3 - 2*w**2 + 6*w + 4. What is i(-4)?
12
Let x(v) = 4*v - 1. Calculate x(6).
23
Let r(i) = -i - 7. What is r(-9)?
2
Let r(h) = h**3 - 2*h - 1. Determine r(3).
20
Let b(i) = -20*i + 4. Determine b(0).
4
Let q(l) = -l**3 - 8*l**2 + 19*l - 1. Determine q(-10).
9
Let b(g) = 3*g**2 - 28*g + 14. Determine b(9).
5
Let u(i) = -3*i**3 + i**2 + i - 1. What is u(-2)?
25
Let g(c) = -c**2 - 39*c - 176. Give g(-34).
-6
Let d(q) = q**3 - 6*q**2 - q + 3. Determine d(3).
-27
Let r(v) = v**2 - 11*v + 5. What is r(10)?
-5
Let c(w) = w**3 + 5*w**2 - 5*w - 1. Give c(-6).
-7
Let m(c) = 6*c + 21. Calculate m(-9).
-33
Let b(c) = -c**3 - 14*c**2 + 10. Calculate b(-14).
10
Let i(s) = -s**3 - 33*s**2 - 64*s - 78. Calculate i(-31).
-16
Let l(t) = t**3 - 9*t**2 + 17*t - 63. Calculate l(8).
9
Let b(t) = -t**3 + 22*t**2 - 44*t + 86. What is b(20)?
6
Let n(z) = 4*z**2 - 51*z + 9. Calculate n(12).
-27
Let s(w) = -2*w + 16. What is s(-2)?
20
Let n(a) = -2*a - 5. Give n(-7).
9
Let f(o) = 2*o**2 + 34*o - 15. Calculate f(-17).
-15
Let i(q) = q**2 + 3*q + 11. Calculate i(9).
119
Let i(u) = -4*u**2 - 2*u + 7. Calculate i(3).
-35
Let s(l) = -4*l - 54. Determine s(-12).
-6
Let g(u) = -u**2 - 23*u - 37. Calculate g(-19).
39
Let x(t) = 19*t - 195. What is x(13)?
52
Let r(s) = -28*s - 20. What is r(-1)?
8
Let l(i) = -i**2 + 5*i + 3. Calculate l(-4).
-33
Let o(x) = x**3 + 8*x**2 - 35*x - 42. Determine o(-11).
-20
Let l(x) = 2*x**2 + 6*x + 10. Determine l(-3).
10
Let l(y) = y**2 - y + 7. Give l(4).
19
Let i(f) = 10*f**2 + f + 1. Determine i(-1).
10
Let o(v) = -v**3 + 15*v**2 - 9*v + 3. Give o(15).
-132
Let i(x) = -x**2 - 6*x. Determine i(-5).
5
Let x(l) = l**2 - 86*l - 554. What is x(-6)?
-2
Let w(j) = 2*j**3 - 5*j**2 - j - 4. Give w(3).
2
Let j(c) = -3*c**2 - 7*c - 5. What is j(-2)?
-3
Let w(z) = 3*z - 3. Determine w(8).
21
Let l(i) = -i**3 - 12*i**2 - 1. Determine l(-12).
-1
Let j(u) = -u**2 - 8*u + 21. Give j(-9).
12
Let t(c) = 4*c - 5. Determine t(2).
3
Let a(n) = 3*n - 2. Give a(18).
52
Let w(y) = -8*y + 69. What is w(10)?
-11
Let s(l) = -l**3 - 9*l**2 - 20*l - 1. What is s(-6)?
11
Let t(c) = c**3 + c**2 + 3*c - 1. Calculate t(-3).
-28
Let l(a) = -a**2 - 15*a - 28. What is l(-12)?
8
Let t(i) = i**2 - 39*i - 328. Calculate t(46).
-6
Let s(u) = u**2 + 45*u + 156. What is s(-41)?
-8
Let a(h) = -h**2 - 3*h - 2. Calculate a(-6).
-20
Let s(p) = -70*p**2 - p + 1. Determine s(1).
-70
Let p(r) = 11*r. Determine p(4).
44
Let a(l) = l**2 + 17*l + 21. Calculate a(-9).
-51
Let v(k) = k**2 - 32*k - 1858. Calculate v(62).
2
Let i(u) = u**3 - 6*u**2 + 4*u + 5. What is i(4)?
-11
Let m(g) = -g**3 - 3*g**2 + 8*g + 4. Give m(-5).
14
Let v(w) = 2*w**2 - 4*w + 8. Give v(-5).
78
Let c(l) = 6*l + 87. Calculate c(-14).
3
Let o(s) = -7*s + 18. Determine o(15).
-87
Let v(y) = y**3 + 6*y**2 + 7*y - 1. Determine v(-5).
-11
Let y(g) = 10*g - 335. Give y(36).
25
Let x(k) = 40*k + 566. Calculate x(-14).
6
Let b(y) = y**3 - 2*y**2 - 3*y - 7. Determine b(3).
-7
Let w(o) = -o + 17. What is w(15)?
2
Let j(z) = 4*z**3 - 13*z + 14. What is j(1)?
5
Let c(z) = z - 9. What is c(6)?
-3
Let a(d) = d**2 + 7*d + 1. Determine a(-7).
1
Let b(c) = -11*c + 4. Determine b(3).
-29
Let u(a) = 2*a**2 + 2*a + 9. Give u(0).
9
Let y(h) = 10*h + 5. Determine y(-3).
-25
Let c(z) = -3*z**2 - 2*z - 2. Determine c(-4).
-42
Let w(b) = -b**3 + 16*b**2 + 5*b - 74. Give w(16).
6
Let w(n) = 84*n - 80. Give w(1).
4
Let j(a) = -a**3 + 36*a. Determine j(-6).
0
Let v(n) = -9*n**2 - 3*n. Give v(-4).
-132
Let c(s) = s**2 + 7*s + 13. Calculate c(-6).
7
Let o(y) = -y**3 - 6*y**2 - 7*y - 1. Give o(-5).
9
Let y(o) = -2*o - 2. Give y(0).
-2
Let b(c) = c - 10. What is b(6)?
-4
Let z(q) = -q - 9. Calculate z(4).
-13
Let c(y) = -2*y**2 + y. Determine c(-4).
-36
Let r(f) = -2*f + 8. Determine r(-9).
26
Let x(j) = -j**2 + 10*j + 8. Determine x(12).
-16
Let w(b) = b**3 + 7*b**2 + 2*b + 9. Give w(-7).
-5
Let d(f) = -23*f**2 + 4*f + 9. Give d(-3).
-210
Let m(f) = 12*f + 32. Determine m(-6).
-40
Let v(m) = -m**3 + 2*m + 4. Give v(-2).
8
Let s(x) = 9*x + 9. Calculate s(0).
9
Let c(o) = o**2 + 2*o - 6. Give c(7).
57
Let m(w) = w**3 + 10*w**2 - 11. Determine m(-10).
-11
Let i(p) = p - 12. Calculate i(-10).
-22
Let t(l) = 2*l**2 - l - 4. Determine t(4).
24
Let r(c) = 7*c - 33. Determine r(5).
2
Let w(d) = -2*d - 12. What is w(-4)?
-4
Let i(m) = 179*m - 535. Determine i(3).
2
Let h(x) = -x**2 - x - 33. Determine h(0).
-33
Let t(l) = 7*l**2 - l - 2. Give t(2).
24
Let h(c) = c**3 + c**2 - 2*c + 9. Give h(0).
9
Let u(c) = 9*c**2 + 9*c + 7. Determine u(-4).
115
Let h(g) = -g**2 - 2*g - 2. Calculate h(-5).
-17
Let r(i) = 31*i**2 - i + 1. Give r(1).
31
Let o(z) = -z**2 + 27*z + 207. Give o(33).
9
Let v(l) = 2*l**3 + 13*l**2 - 16*l - 9. Calculate v(-7).
54
Let v(c) = -2*c + 5. Determine v(-6).
17
Let z(p) = 13*p - 1027. Calculate z(79).
0
Let y(u) = -u**3 + 7*u**2 - 12. Give y(7).
-12
Let n(t) = -t**3 + 3*t**2 + 4*t + 2. Calculate n(4).
2
Let z(c) = -2*c**2 + 5*c - 2. Calculate z(3).
-5
Let z(f) = -f**3 + 6*f**2 + 18*f - 14. Give z(8).
2
Let i(h) = h**2 - 17*h + 36. Determine i(2).
6
Let u(k) = 30*k. What is u(-5)?
-150
Let v(q) = -60*q**2 - 2*q + 1. Determine v(1).
-61
Let n(y) = y**3 - 11*y**2 + 26*y + 8. Calculate n(6).
-16
Let b(r) = -r**3 + 20*r**2 + 125*r - 6. Calculate b(25).
-6
Let u(d) = -d**2 + 23*d - 96. Determine u(16).
16
Let u(a) = -2*a**2 - 7*a + 50. What is u(7)?
-97
Let k(y) = y**3 + 21*y**2 + 66*y - 35. Give k(-17).
-1
Let o(z) = -8*z - 330. What is o(-42)?
6
Let a(k) = -9*k**2 - 137*k - 36. What is a(-15)?
-6
Let q(y) = y**2 + 18*y + 70. What is q(-12)?
-2
Let u(m) = -m**2 - 11*m + 6. What is u(-9)?
24
Let a(u) = -5*u**2 - 60*u + 1. Give a(-12).
1
Let q(j) = -j**2 - 18*j + 18. What is q(-14)?
74
Let d(q) = -12*q - 20. Give d(-2).
4
Let n(q) = -6*q + 1. Give n(11).
-65
Let g(k) = k**3 - 4*k**2 + 2. What is g(3)?
-7
Let h(p) = -p + 1. What is h(1)?
0
Let k(g) = -2*g**2 - 8*g - 4. What is k(-5)?
-14
Let d(r) = -3*r**3 - 2*r**2 - r + 1. Calculate d(2).
-33
Let n(a) = -2*a - 15. Give n(-5).
-5
Let y(c) = c**3 - 3*c**2 - 6*c + 2. Calculate y(4).
-6
Let n(d) = d**2 - 9*d - 4. Calculate n(8).
-12
Let i(p) = -p - 24. Give i(21).
-45
Let s(w) = -w**2 + 3*w - 5. Calculate s(0).
-5
Let s(r) = 11*r**2 - 5*r + 18. What is s(3)?
102
Let f(o) = -2*o**2 - 2*o + 1. Give f(1).
-3
Let r(g) = -6*g - 5. Calculate r(-4).
19
Let b(l) = -l + 28. Determine b(15).
13
Let f(n) = n**2 - 9*n + 15. Determine f(6).
-3
Let q(j) = -2*j**3 - j**2 - 3*j - 10. Give q(-2).
8
Let w(b) = -b**3 - 5*b**2 + 3*b + 10. Give w(-6).
28
Let c(z) = 6*z**2 + 2*z + 2. What is c(-2)?
22
Let o(g) = -g**3 + 5*g**2 + 8*g - 3. What is o(5)?
37
Let o(y) = -y**2 - 7*y + 3. Calculate o(-6).
9
Let r(x) = 2*x**3 - x**2 - 5*x - 5. Give r(-3).
-53
Let f(s) = s + 12. Give f(-10).
2
Let d(h) = -10*h - 1. Calculate d(-5).
49
Let v(o) = o - 34. Determine v(0).
-34
Let d(u) = -u**2 - 6*u - 1. What is d(-8)?
-17
Let x(z) = z**3 - 5*z**2 + 2*z + 16. Calculate x(5).
26
Let s(p) = 7*p**2 - 4*p + 1. Give s(1).
4
Let b(t) = t**3 + 15*t**2 - 